{"id":233,"date":"2022-03-10T15:04:36","date_gmt":"2022-03-10T19:04:36","guid":{"rendered":"https:\/\/itel.net.ve\/blog\/?page_id=233"},"modified":"2022-03-11T09:03:46","modified_gmt":"2022-03-11T13:03:46","slug":"inicio","status":"publish","type":"page","link":"http:\/\/itel.net.ve\/blog\/","title":{"rendered":"Bienvenidos a nuestro Blog."},"content":{"rendered":"\n<h2 class=\"wp-block-heading\">\u00bfQu\u00e9 informaci\u00f3n encontraras?<\/h2>\n\n\n\n<p>Aqu\u00ed encontraras temas de interes de paginas web, hosting, wordpress, Divi, Redes sociales, posicionamiento SEO, Google ADS, Facebook Ads, Tiendas Online, Academias Online y todos aquella informaci\u00f3n que te ayude a entender como mejorar tu ecosistema digital\u00a0<\/p>\n\n\n\n<h2 class=\"wp-block-heading\">\u00daltimos art\u00edculos <\/h2>\n\n\n<ul class=\"wp-block-latest-posts__list is-grid columns-3 wp-block-latest-posts\"><li><a class=\"wp-block-latest-posts__post-title\" href=\"http:\/\/itel.net.ve\/blog\/consejos-para-tener-un-sitio-web-exitoso\/\">Consejos para tener un sitio web exitoso<\/a><\/li>\n<li><a class=\"wp-block-latest-posts__post-title\" href=\"http:\/\/itel.net.ve\/blog\/tu-pagina-web-es-responsive\/\">\u00bfTu p\u00e1gina web es responsive?<\/a><\/li>\n<li><a class=\"wp-block-latest-posts__post-title\" href=\"http:\/\/itel.net.ve\/blog\/necesitas-una-pagina-web-efectiva\/\">\u00bfNecesitas una p\u00e1gina web efectiva?<\/a><\/li>\n<li><a class=\"wp-block-latest-posts__post-title\" href=\"http:\/\/itel.net.ve\/blog\/posicionamiento-seo\/\">POSICIONAMIENTO SEO<\/a><\/li>\n<li><a class=\"wp-block-latest-posts__post-title\" href=\"http:\/\/itel.net.ve\/blog\/configura-tu-correo-en-outloock\/\">Configura Tu Correo en Outloock<\/a><\/li>\n<\/ul>","protected":false},"excerpt":{"rendered":"<p>\u00bfQu\u00e9 informaci\u00f3n encontraras? Aqu\u00ed encontraras temas de interes de paginas web, hosting, wordpress, Divi, Redes sociales, posicionamiento SEO, Google ADS, Facebook Ads, Tiendas Online, Academias Online y todos aquella informaci\u00f3n que te ayude a entender como mejorar tu ecosistema digital\u00a0 \u00daltimos art\u00edculos<\/p>\n","protected":false},"author":2,"featured_media":0,"parent":0,"menu_order":0,"comment_status":"closed","ping_status":"closed","template":"","meta":{"footnotes":""},"class_list":["post-233","page","type-page","status-publish","hentry","entry"],"_links":{"self":[{"href":"http:\/\/itel.net.ve\/blog\/wp-json\/wp\/v2\/pages\/233","targetHints":{"allow":["GET"]}}],"collection":[{"href":"http:\/\/itel.net.ve\/blog\/wp-json\/wp\/v2\/pages"}],"about":[{"href":"http:\/\/itel.net.ve\/blog\/wp-json\/wp\/v2\/types\/page"}],"author":[{"embeddable":true,"href":"http:\/\/itel.net.ve\/blog\/wp-json\/wp\/v2\/users\/2"}],"replies":[{"embeddable":true,"href":"http:\/\/itel.net.ve\/blog\/wp-json\/wp\/v2\/comments?post=233"}],"version-history":[{"count":6,"href":"http:\/\/itel.net.ve\/blog\/wp-json\/wp\/v2\/pages\/233\/revisions"}],"predecessor-version":[{"id":257,"href":"http:\/\/itel.net.ve\/blog\/wp-json\/wp\/v2\/pages\/233\/revisions\/257"}],"wp:attachment":[{"href":"http:\/\/itel.net.ve\/blog\/wp-json\/wp\/v2\/media?parent=233"}],"curies":[{"name":"wp","href":"https:\/\/api.w.org\/{rel}","templated":true}]}}